{"id":77,"date":"2016-12-18T13:08:28","date_gmt":"2016-12-18T12:08:28","guid":{"rendered":"http:\/\/dstb.warp11.de\/?page_id=77"},"modified":"2025-04-07T10:23:43","modified_gmt":"2025-04-07T08:23:43","slug":"vorstand","status":"publish","type":"page","link":"https:\/\/www.stenografenbund.de\/?page_id=77","title":{"rendered":"Vorstand"},"content":{"rendered":"\n<div class=\"wp-block-media-text alignwide is-stacked-on-mobile\" style=\"grid-template-columns:18% auto\"><figure class=\"wp-block-media-text__media\"><img loading=\"lazy\" decoding=\"async\" width=\"100\" height=\"150\" src=\"https:\/\/www.stenografenbund.de\/wp-content\/uploads\/2016\/12\/hofmann-100x150.jpg\" alt=\"Regina Hofmann\" class=\"wp-image-81 size-thumbnail\"\/><\/figure><div class=\"wp-block-media-text__content\">\n<p class=\"has-normal-font-size\"><strong>Pr\u00e4sidentin<br>Regina Hofmann<\/strong><br>Stralsunder Stra\u00dfe 44 c<br>18445 Altenpleen<br>Telefon 038323 71338<br>hofmann@stenografenbund.de<\/p>\n<\/div><\/div>\n\n\n\n<div style=\"height:35px\" aria-hidden=\"true\" class=\"wp-block-spacer\"><\/div>\n\n\n\n<div class=\"wp-block-media-text alignwide is-stacked-on-mobile\" style=\"grid-template-columns:18% auto\"><figure class=\"wp-block-media-text__media\"><img loading=\"lazy\" decoding=\"async\" width=\"100\" height=\"150\" src=\"https:\/\/www.stenografenbund.de\/wp-content\/uploads\/2025\/04\/Sandra-Stall-100-x-150-px.jpg\" alt=\"\" class=\"wp-image-3134 size-full\"\/><\/figure><div class=\"wp-block-media-text__content\">\n<p class=\"has-normal-font-size\"><strong>Vizepr\u00e4sidentin<br>Sandra Stall<\/strong><br>Nasigerstra\u00dfe 4<br>48432 Rheine<br>Telefon 05975 305232<br>stall@stenografenbund.de<\/p>\n<\/div><\/div>\n\n\n\n<div style=\"height:35px\" aria-hidden=\"true\" class=\"wp-block-spacer\"><\/div>\n\n\n\n<div class=\"wp-block-media-text alignwide is-stacked-on-mobile\" style=\"grid-template-columns:19% auto\"><figure class=\"wp-block-media-text__media\"><img loading=\"lazy\" decoding=\"async\" width=\"732\" height=\"1024\" src=\"https:\/\/www.stenografenbund.de\/wp-content\/uploads\/2021\/04\/Dr_Jascha-Alexander_Koch-732x1024.jpg\" alt=\"Dr. Jasch-Alexander Koch\" class=\"wp-image-2690 size-full\" srcset=\"https:\/\/www.stenografenbund.de\/wp-content\/uploads\/2021\/04\/Dr_Jascha-Alexander_Koch-732x1024.jpg 732w, https:\/\/www.stenografenbund.de\/wp-content\/uploads\/2021\/04\/Dr_Jascha-Alexander_Koch-215x300.jpg 215w, https:\/\/www.stenografenbund.de\/wp-content\/uploads\/2021\/04\/Dr_Jascha-Alexander_Koch-768x1074.jpg 768w, https:\/\/www.stenografenbund.de\/wp-content\/uploads\/2021\/04\/Dr_Jascha-Alexander_Koch-1099x1536.jpg 1099w, https:\/\/www.stenografenbund.de\/wp-content\/uploads\/2021\/04\/Dr_Jascha-Alexander_Koch.jpg 1417w\" sizes=\"auto, (max-width: 732px) 100vw, 732px\" \/><\/figure><div class=\"wp-block-media-text__content\">\n<p class=\"has-normal-font-size\"><strong>Vizepr\u00e4sident<br>Dr. Jascha-Alexander Koch<\/strong><br><br><br>Telefon 0151 4128444<br>koch@stenografenbund.de<\/p>\n<\/div><\/div>\n\n\n\n<div style=\"height:35px\" aria-hidden=\"true\" class=\"wp-block-spacer\"><\/div>\n\n\n\n<div class=\"wp-block-media-text alignwide is-stacked-on-mobile\" style=\"grid-template-columns:18% auto\"><figure class=\"wp-block-media-text__media\"><img loading=\"lazy\" decoding=\"async\" width=\"100\" height=\"150\" src=\"https:\/\/www.stenografenbund.de\/wp-content\/uploads\/2016\/12\/wilke.jpg\" alt=\"Andrea Wilke\" class=\"wp-image-84 size-full\"\/><\/figure><div class=\"wp-block-media-text__content\">\n<p class=\"has-normal-font-size\"><strong>Rechnerin<br>Andrea Wilke<\/strong><br>Hoyersgang 50<br>26122 Oldenburg<br>Telefon 0441 505837<br>wilke@stenografenbund.de<\/p>\n<\/div><\/div>\n\n\n\n<div style=\"height:35px\" aria-hidden=\"true\" class=\"wp-block-spacer\"><\/div>\n\n\n\n<div class=\"wp-block-media-text alignwide is-stacked-on-mobile\" style=\"grid-template-columns:18% auto\"><figure class=\"wp-block-media-text__media\"><img loading=\"lazy\" decoding=\"async\" width=\"818\" height=\"1024\" src=\"https:\/\/www.stenografenbund.de\/wp-content\/uploads\/2023\/04\/Claudia-Lingelbach-818x1024.jpg\" alt=\"Claudia Lingelbach\" class=\"wp-image-2861 size-full\" srcset=\"https:\/\/www.stenografenbund.de\/wp-content\/uploads\/2023\/04\/Claudia-Lingelbach-818x1024.jpg 818w, https:\/\/www.stenografenbund.de\/wp-content\/uploads\/2023\/04\/Claudia-Lingelbach-240x300.jpg 240w, https:\/\/www.stenografenbund.de\/wp-content\/uploads\/2023\/04\/Claudia-Lingelbach-768x961.jpg 768w, https:\/\/www.stenografenbund.de\/wp-content\/uploads\/2023\/04\/Claudia-Lingelbach.jpg 1180w\" sizes=\"auto, (max-width: 818px) 100vw, 818px\" \/><\/figure><div class=\"wp-block-media-text__content\">\n<p class=\"has-normal-font-size\"><strong>Schriftf\u00fchrerin<br>Claudia Lingelbach<\/strong><br><br>Marburg<br>Telefon 06421 9926903<br>lingelbach@stenografenbund.de<\/p>\n<\/div><\/div>\n\n\n\n<div style=\"height:35px\" aria-hidden=\"true\" class=\"wp-block-spacer\"><\/div>\n\n\n\n<div class=\"wp-block-media-text alignwide is-stacked-on-mobile\" style=\"grid-template-columns:18% auto\"><figure class=\"wp-block-media-text__media\"><img loading=\"lazy\" decoding=\"async\" width=\"683\" height=\"1024\" src=\"https:\/\/www.stenografenbund.de\/wp-content\/uploads\/2024\/04\/Zoe-Maria-Grendel-683x1024.jpeg\" alt=\"\" class=\"wp-image-2980 size-full\" srcset=\"https:\/\/www.stenografenbund.de\/wp-content\/uploads\/2024\/04\/Zoe-Maria-Grendel-683x1024.jpeg 683w, https:\/\/www.stenografenbund.de\/wp-content\/uploads\/2024\/04\/Zoe-Maria-Grendel-200x300.jpeg 200w, https:\/\/www.stenografenbund.de\/wp-content\/uploads\/2024\/04\/Zoe-Maria-Grendel-768x1151.jpeg 768w, https:\/\/www.stenografenbund.de\/wp-content\/uploads\/2024\/04\/Zoe-Maria-Grendel.jpeg 894w\" sizes=\"auto, (max-width: 683px) 100vw, 683px\" \/><\/figure><div class=\"wp-block-media-text__content\">\n<p class=\"has-normal-font-size\"><strong>Bundesjugendleiterin<br>Zoe Maria Grendel<\/strong><br><br><\/p>\n\n\n\n<p class=\"has-normal-font-size\"><br>zoe@bjckm.de<\/p>\n<\/div><\/div>\n","protected":false},"excerpt":{"rendered":"<p>Pr\u00e4sidentinRegina HofmannStralsunder Stra\u00dfe 44 c18445 AltenpleenTelefon 038323 71338hofmann@stenografenbund.de Vizepr\u00e4sidentinSandra StallNasigerstra\u00dfe 448432 RheineTelefon 05975 305232stall@stenografenbund.de Vizepr\u00e4sidentDr. Jascha-Alexander Koch Telefon 0151 4128444koch@stenografenbund.de RechnerinAndrea WilkeHoyersgang 5026122 OldenburgTelefon 0441 505837wilke@stenografenbund.de Schriftf\u00fchrerinClaudia Lingelbach MarburgTelefon 06421 9926903lingelbach@stenografenbund.de BundesjugendleiterinZoe Maria Grendel zoe@bjckm.de<\/p>\n","protected":false},"author":1,"featured_media":3136,"parent":0,"menu_order":0,"comment_status":"closed","ping_status":"closed","template":"","meta":{"ngg_post_thumbnail":0,"footnotes":""},"class_list":["post-77","page","type-page","status-publish","has-post-thumbnail","hentry"],"yoast_head":"<!-- This site is optimized with the Yoast SEO plugin v27.2 - https:\/\/yoast.com\/product\/yoast-seo-wordpress\/ -->\n<title>Vorstand - Deutscher Stenografenbund E. V.<\/title>\n<meta name=\"robots\" content=\"index, follow, max-snippet:-1, max-image-preview:large, max-video-preview:-1\" \/>\n<link rel=\"canonical\" href=\"https:\/\/www.stenografenbund.de\/?page_id=77\" \/>\n<meta property=\"og:locale\" content=\"de_DE\" \/>\n<meta property=\"og:type\" content=\"article\" \/>\n<meta property=\"og:title\" content=\"Vorstand - Deutscher Stenografenbund E. V.\" \/>\n<meta property=\"og:description\" content=\"Pr\u00e4sidentinRegina HofmannStralsunder Stra\u00dfe 44 c18445 AltenpleenTelefon 038323 71338hofmann@stenografenbund.de Vizepr\u00e4sidentinSandra StallNasigerstra\u00dfe 448432 RheineTelefon 05975 305232stall@stenografenbund.de Vizepr\u00e4sidentDr. Jascha-Alexander Koch Telefon 0151 4128444koch@stenografenbund.de RechnerinAndrea WilkeHoyersgang 5026122 OldenburgTelefon 0441 505837wilke@stenografenbund.de Schriftf\u00fchrerinClaudia Lingelbach MarburgTelefon 06421 9926903lingelbach@stenografenbund.de BundesjugendleiterinZoe Maria Grendel zoe@bjckm.de\" \/>\n<meta property=\"og:url\" content=\"https:\/\/www.stenografenbund.de\/?page_id=77\" \/>\n<meta property=\"og:site_name\" content=\"Deutscher Stenografenbund E. V.\" \/>\n<meta property=\"article:modified_time\" content=\"2025-04-07T08:23:43+00:00\" \/>\n<meta property=\"og:image\" content=\"https:\/\/www.stenografenbund.de\/wp-content\/uploads\/2025\/04\/20250406_121900-scaled-e1744012494407.jpg\" \/>\n\t<meta property=\"og:image:width\" content=\"1835\" \/>\n\t<meta property=\"og:image:height\" content=\"1028\" \/>\n\t<meta property=\"og:image:type\" content=\"image\/jpeg\" \/>\n<meta name=\"twitter:card\" content=\"summary_large_image\" \/>\n<meta name=\"twitter:label1\" content=\"Gesch\u00e4tzte Lesezeit\" \/>\n\t<meta name=\"twitter:data1\" content=\"2\u00a0Minuten\" \/>\n<script type=\"application\/ld+json\" class=\"yoast-schema-graph\">{\"@context\":\"https:\/\/schema.org\",\"@graph\":[{\"@type\":\"WebPage\",\"@id\":\"https:\/\/www.stenografenbund.de\/?page_id=77\",\"url\":\"https:\/\/www.stenografenbund.de\/?page_id=77\",\"name\":\"Vorstand - Deutscher Stenografenbund E. V.\",\"isPartOf\":{\"@id\":\"https:\/\/www.stenografenbund.de\/#website\"},\"primaryImageOfPage\":{\"@id\":\"https:\/\/www.stenografenbund.de\/?page_id=77#primaryimage\"},\"image\":{\"@id\":\"https:\/\/www.stenografenbund.de\/?page_id=77#primaryimage\"},\"thumbnailUrl\":\"https:\/\/www.stenografenbund.de\/wp-content\/uploads\/2025\/04\/20250406_121900-scaled-e1744012494407.jpg\",\"datePublished\":\"2016-12-18T12:08:28+00:00\",\"dateModified\":\"2025-04-07T08:23:43+00:00\",\"breadcrumb\":{\"@id\":\"https:\/\/www.stenografenbund.de\/?page_id=77#breadcrumb\"},\"inLanguage\":\"de\",\"potentialAction\":[{\"@type\":\"ReadAction\",\"target\":[\"https:\/\/www.stenografenbund.de\/?page_id=77\"]}]},{\"@type\":\"ImageObject\",\"inLanguage\":\"de\",\"@id\":\"https:\/\/www.stenografenbund.de\/?page_id=77#primaryimage\",\"url\":\"https:\/\/www.stenografenbund.de\/wp-content\/uploads\/2025\/04\/20250406_121900-scaled-e1744012494407.jpg\",\"contentUrl\":\"https:\/\/www.stenografenbund.de\/wp-content\/uploads\/2025\/04\/20250406_121900-scaled-e1744012494407.jpg\",\"width\":1835,\"height\":1028,\"caption\":\"Fotos des Vorstandes des Deutschen Stenografenbund E. V. vor der Gesch\u00e4ftsstelle in Dortmund\"},{\"@type\":\"BreadcrumbList\",\"@id\":\"https:\/\/www.stenografenbund.de\/?page_id=77#breadcrumb\",\"itemListElement\":[{\"@type\":\"ListItem\",\"position\":1,\"name\":\"Startseite\",\"item\":\"https:\/\/www.stenografenbund.de\/\"},{\"@type\":\"ListItem\",\"position\":2,\"name\":\"Vorstand\"}]},{\"@type\":\"WebSite\",\"@id\":\"https:\/\/www.stenografenbund.de\/#website\",\"url\":\"https:\/\/www.stenografenbund.de\/\",\"name\":\"Deutscher Stenografenbund E. V.\",\"description\":\"Bundesverband f\u00fcr Informationsverarbeitung, Textverarbeitung und Stenografie\",\"publisher\":{\"@id\":\"https:\/\/www.stenografenbund.de\/#organization\"},\"potentialAction\":[{\"@type\":\"SearchAction\",\"target\":{\"@type\":\"EntryPoint\",\"urlTemplate\":\"https:\/\/www.stenografenbund.de\/?s={search_term_string}\"},\"query-input\":{\"@type\":\"PropertyValueSpecification\",\"valueRequired\":true,\"valueName\":\"search_term_string\"}}],\"inLanguage\":\"de\"},{\"@type\":\"Organization\",\"@id\":\"https:\/\/www.stenografenbund.de\/#organization\",\"name\":\"Deutscher Stenografenbund E. V.\",\"url\":\"https:\/\/www.stenografenbund.de\/\",\"logo\":{\"@type\":\"ImageObject\",\"inLanguage\":\"de\",\"@id\":\"https:\/\/www.stenografenbund.de\/#\/schema\/logo\/image\/\",\"url\":\"https:\/\/www.stenografenbund.de\/wp-content\/uploads\/2019\/02\/cropped-DStB_Logo_NEU_2.png\",\"contentUrl\":\"https:\/\/www.stenografenbund.de\/wp-content\/uploads\/2019\/02\/cropped-DStB_Logo_NEU_2.png\",\"width\":499,\"height\":91,\"caption\":\"Deutscher Stenografenbund E. V.\"},\"image\":{\"@id\":\"https:\/\/www.stenografenbund.de\/#\/schema\/logo\/image\/\"}}]}<\/script>\n<!-- \/ Yoast SEO plugin. -->","yoast_head_json":{"title":"Vorstand - Deutscher Stenografenbund E. V.","robots":{"index":"index","follow":"follow","max-snippet":"max-snippet:-1","max-image-preview":"max-image-preview:large","max-video-preview":"max-video-preview:-1"},"canonical":"https:\/\/www.stenografenbund.de\/?page_id=77","og_locale":"de_DE","og_type":"article","og_title":"Vorstand - Deutscher Stenografenbund E. V.","og_description":"Pr\u00e4sidentinRegina HofmannStralsunder Stra\u00dfe 44 c18445 AltenpleenTelefon 038323 71338hofmann@stenografenbund.de Vizepr\u00e4sidentinSandra StallNasigerstra\u00dfe 448432 RheineTelefon 05975 305232stall@stenografenbund.de Vizepr\u00e4sidentDr. Jascha-Alexander Koch Telefon 0151 4128444koch@stenografenbund.de RechnerinAndrea WilkeHoyersgang 5026122 OldenburgTelefon 0441 505837wilke@stenografenbund.de Schriftf\u00fchrerinClaudia Lingelbach MarburgTelefon 06421 9926903lingelbach@stenografenbund.de BundesjugendleiterinZoe Maria Grendel zoe@bjckm.de","og_url":"https:\/\/www.stenografenbund.de\/?page_id=77","og_site_name":"Deutscher Stenografenbund E. V.","article_modified_time":"2025-04-07T08:23:43+00:00","og_image":[{"width":1835,"height":1028,"url":"https:\/\/www.stenografenbund.de\/wp-content\/uploads\/2025\/04\/20250406_121900-scaled-e1744012494407.jpg","type":"image\/jpeg"}],"twitter_card":"summary_large_image","twitter_misc":{"Gesch\u00e4tzte Lesezeit":"2\u00a0Minuten"},"schema":{"@context":"https:\/\/schema.org","@graph":[{"@type":"WebPage","@id":"https:\/\/www.stenografenbund.de\/?page_id=77","url":"https:\/\/www.stenografenbund.de\/?page_id=77","name":"Vorstand - Deutscher Stenografenbund E. V.","isPartOf":{"@id":"https:\/\/www.stenografenbund.de\/#website"},"primaryImageOfPage":{"@id":"https:\/\/www.stenografenbund.de\/?page_id=77#primaryimage"},"image":{"@id":"https:\/\/www.stenografenbund.de\/?page_id=77#primaryimage"},"thumbnailUrl":"https:\/\/www.stenografenbund.de\/wp-content\/uploads\/2025\/04\/20250406_121900-scaled-e1744012494407.jpg","datePublished":"2016-12-18T12:08:28+00:00","dateModified":"2025-04-07T08:23:43+00:00","breadcrumb":{"@id":"https:\/\/www.stenografenbund.de\/?page_id=77#breadcrumb"},"inLanguage":"de","potentialAction":[{"@type":"ReadAction","target":["https:\/\/www.stenografenbund.de\/?page_id=77"]}]},{"@type":"ImageObject","inLanguage":"de","@id":"https:\/\/www.stenografenbund.de\/?page_id=77#primaryimage","url":"https:\/\/www.stenografenbund.de\/wp-content\/uploads\/2025\/04\/20250406_121900-scaled-e1744012494407.jpg","contentUrl":"https:\/\/www.stenografenbund.de\/wp-content\/uploads\/2025\/04\/20250406_121900-scaled-e1744012494407.jpg","width":1835,"height":1028,"caption":"Fotos des Vorstandes des Deutschen Stenografenbund E. V. vor der Gesch\u00e4ftsstelle in Dortmund"},{"@type":"BreadcrumbList","@id":"https:\/\/www.stenografenbund.de\/?page_id=77#breadcrumb","itemListElement":[{"@type":"ListItem","position":1,"name":"Startseite","item":"https:\/\/www.stenografenbund.de\/"},{"@type":"ListItem","position":2,"name":"Vorstand"}]},{"@type":"WebSite","@id":"https:\/\/www.stenografenbund.de\/#website","url":"https:\/\/www.stenografenbund.de\/","name":"Deutscher Stenografenbund E. V.","description":"Bundesverband f\u00fcr Informationsverarbeitung, Textverarbeitung und Stenografie","publisher":{"@id":"https:\/\/www.stenografenbund.de\/#organization"},"potentialAction":[{"@type":"SearchAction","target":{"@type":"EntryPoint","urlTemplate":"https:\/\/www.stenografenbund.de\/?s={search_term_string}"},"query-input":{"@type":"PropertyValueSpecification","valueRequired":true,"valueName":"search_term_string"}}],"inLanguage":"de"},{"@type":"Organization","@id":"https:\/\/www.stenografenbund.de\/#organization","name":"Deutscher Stenografenbund E. V.","url":"https:\/\/www.stenografenbund.de\/","logo":{"@type":"ImageObject","inLanguage":"de","@id":"https:\/\/www.stenografenbund.de\/#\/schema\/logo\/image\/","url":"https:\/\/www.stenografenbund.de\/wp-content\/uploads\/2019\/02\/cropped-DStB_Logo_NEU_2.png","contentUrl":"https:\/\/www.stenografenbund.de\/wp-content\/uploads\/2019\/02\/cropped-DStB_Logo_NEU_2.png","width":499,"height":91,"caption":"Deutscher Stenografenbund E. V."},"image":{"@id":"https:\/\/www.stenografenbund.de\/#\/schema\/logo\/image\/"}}]}},"_links":{"self":[{"href":"https:\/\/www.stenografenbund.de\/index.php?rest_route=\/wp\/v2\/pages\/77","targetHints":{"allow":["GET"]}}],"collection":[{"href":"https:\/\/www.stenografenbund.de\/index.php?rest_route=\/wp\/v2\/pages"}],"about":[{"href":"https:\/\/www.stenografenbund.de\/index.php?rest_route=\/wp\/v2\/types\/page"}],"author":[{"embeddable":true,"href":"https:\/\/www.stenografenbund.de\/index.php?rest_route=\/wp\/v2\/users\/1"}],"replies":[{"embeddable":true,"href":"https:\/\/www.stenografenbund.de\/index.php?rest_route=%2Fwp%2Fv2%2Fcomments&post=77"}],"version-history":[{"count":55,"href":"https:\/\/www.stenografenbund.de\/index.php?rest_route=\/wp\/v2\/pages\/77\/revisions"}],"predecessor-version":[{"id":3137,"href":"https:\/\/www.stenografenbund.de\/index.php?rest_route=\/wp\/v2\/pages\/77\/revisions\/3137"}],"wp:featuredmedia":[{"embeddable":true,"href":"https:\/\/www.stenografenbund.de\/index.php?rest_route=\/wp\/v2\/media\/3136"}],"wp:attachment":[{"href":"https:\/\/www.stenografenbund.de\/index.php?rest_route=%2Fwp%2Fv2%2Fmedia&parent=77"}],"curies":[{"name":"wp","href":"https:\/\/api.w.org\/{rel}","templated":true}]}}