{"id":1643,"date":"2018-03-13T10:26:54","date_gmt":"2018-03-13T09:26:54","guid":{"rendered":"http:\/\/www.stenografenbund.de\/?page_id=1643"},"modified":"2018-07-05T15:08:10","modified_gmt":"2018-07-05T13:08:10","slug":"dsm-2018-luebbenau","status":"publish","type":"page","link":"https:\/\/www.stenografenbund.de\/?page_id=1643","title":{"rendered":"DSM 2018 &#8211; L\u00fcbbenau"},"content":{"rendered":"<p><img loading=\"lazy\" decoding=\"async\" class=\"alignleft size-medium wp-image-1642\" src=\"http:\/\/www.stenografenbund.de\/wp-content\/uploads\/2018\/03\/Bleistift-300x200.jpg\" alt=\"\" width=\"300\" height=\"200\" srcset=\"https:\/\/www.stenografenbund.de\/wp-content\/uploads\/2018\/03\/Bleistift-300x200.jpg 300w, https:\/\/www.stenografenbund.de\/wp-content\/uploads\/2018\/03\/Bleistift-768x512.jpg 768w, https:\/\/www.stenografenbund.de\/wp-content\/uploads\/2018\/03\/Bleistift-1024x682.jpg 1024w, https:\/\/www.stenografenbund.de\/wp-content\/uploads\/2018\/03\/Bleistift.jpg 1280w\" sizes=\"auto, (max-width: 300px) 100vw, 300px\" \/>In K\u00fcrze finden Sie hier einen ausf\u00fchrlichen Bericht zur Deutschen Seniorenmeisterschaft, sowie Fotos und die Ergebnisliste.<\/p>\n<p><span style=\"text-decoration: underline;\"><strong>Ergebnislisten:<\/strong><\/span><\/p>\n<p><a href=\"http:\/\/www.stenografenbund.de\/wp-content\/uploads\/2018\/07\/DSM2018_Ergebnisliste.pdf\" target=\"_blank\" rel=\"noopener\">Ergebnisliste DSM 2018 (PDF)<\/a><\/p>\n","protected":false},"excerpt":{"rendered":"<p>In K\u00fcrze finden Sie hier einen ausf\u00fchrlichen Bericht zur Deutschen Seniorenmeisterschaft, sowie Fotos und die Ergebnisliste. Ergebnislisten: Ergebnisliste DSM 2018 (PDF)<\/p>\n","protected":false},"author":1,"featured_media":0,"parent":0,"menu_order":0,"comment_status":"closed","ping_status":"closed","template":"","meta":{"ngg_post_thumbnail":0,"footnotes":""},"class_list":["post-1643","page","type-page","status-publish","hentry"],"yoast_head":"<!-- This site is optimized with the Yoast SEO plugin v27.2 - https:\/\/yoast.com\/product\/yoast-seo-wordpress\/ -->\n<title>DSM 2018 - L\u00fcbbenau - Deutscher Stenografenbund E. V.<\/title>\n<meta name=\"robots\" content=\"index, follow, max-snippet:-1, max-image-preview:large, max-video-preview:-1\" \/>\n<link rel=\"canonical\" href=\"https:\/\/www.stenografenbund.de\/?page_id=1643\" \/>\n<meta property=\"og:locale\" content=\"de_DE\" \/>\n<meta property=\"og:type\" content=\"article\" \/>\n<meta property=\"og:title\" content=\"DSM 2018 - L\u00fcbbenau - Deutscher Stenografenbund E. V.\" \/>\n<meta property=\"og:description\" content=\"In K\u00fcrze finden Sie hier einen ausf\u00fchrlichen Bericht zur Deutschen Seniorenmeisterschaft, sowie Fotos und die Ergebnisliste. Ergebnislisten: Ergebnisliste DSM 2018 (PDF)\" \/>\n<meta property=\"og:url\" content=\"https:\/\/www.stenografenbund.de\/?page_id=1643\" \/>\n<meta property=\"og:site_name\" content=\"Deutscher Stenografenbund E. V.\" \/>\n<meta property=\"article:modified_time\" content=\"2018-07-05T13:08:10+00:00\" \/>\n<meta property=\"og:image\" content=\"http:\/\/www.stenografenbund.de\/wp-content\/uploads\/2018\/03\/Bleistift-300x200.jpg\" \/>\n<meta name=\"twitter:card\" content=\"summary_large_image\" \/>\n<script type=\"application\/ld+json\" class=\"yoast-schema-graph\">{\"@context\":\"https:\/\/schema.org\",\"@graph\":[{\"@type\":\"WebPage\",\"@id\":\"https:\/\/www.stenografenbund.de\/?page_id=1643\",\"url\":\"https:\/\/www.stenografenbund.de\/?page_id=1643\",\"name\":\"DSM 2018 - L\u00fcbbenau - Deutscher Stenografenbund E. V.\",\"isPartOf\":{\"@id\":\"https:\/\/www.stenografenbund.de\/#website\"},\"primaryImageOfPage\":{\"@id\":\"https:\/\/www.stenografenbund.de\/?page_id=1643#primaryimage\"},\"image\":{\"@id\":\"https:\/\/www.stenografenbund.de\/?page_id=1643#primaryimage\"},\"thumbnailUrl\":\"http:\/\/www.stenografenbund.de\/wp-content\/uploads\/2018\/03\/Bleistift-300x200.jpg\",\"datePublished\":\"2018-03-13T09:26:54+00:00\",\"dateModified\":\"2018-07-05T13:08:10+00:00\",\"breadcrumb\":{\"@id\":\"https:\/\/www.stenografenbund.de\/?page_id=1643#breadcrumb\"},\"inLanguage\":\"de\",\"potentialAction\":[{\"@type\":\"ReadAction\",\"target\":[\"https:\/\/www.stenografenbund.de\/?page_id=1643\"]}]},{\"@type\":\"ImageObject\",\"inLanguage\":\"de\",\"@id\":\"https:\/\/www.stenografenbund.de\/?page_id=1643#primaryimage\",\"url\":\"https:\/\/www.stenografenbund.de\/wp-content\/uploads\/2018\/03\/Bleistift.jpg\",\"contentUrl\":\"https:\/\/www.stenografenbund.de\/wp-content\/uploads\/2018\/03\/Bleistift.jpg\",\"width\":1280,\"height\":853},{\"@type\":\"BreadcrumbList\",\"@id\":\"https:\/\/www.stenografenbund.de\/?page_id=1643#breadcrumb\",\"itemListElement\":[{\"@type\":\"ListItem\",\"position\":1,\"name\":\"Startseite\",\"item\":\"https:\/\/www.stenografenbund.de\/\"},{\"@type\":\"ListItem\",\"position\":2,\"name\":\"DSM 2018 &#8211; L\u00fcbbenau\"}]},{\"@type\":\"WebSite\",\"@id\":\"https:\/\/www.stenografenbund.de\/#website\",\"url\":\"https:\/\/www.stenografenbund.de\/\",\"name\":\"Deutscher Stenografenbund E. V.\",\"description\":\"Bundesverband f\u00fcr Informationsverarbeitung, Textverarbeitung und Stenografie\",\"publisher\":{\"@id\":\"https:\/\/www.stenografenbund.de\/#organization\"},\"potentialAction\":[{\"@type\":\"SearchAction\",\"target\":{\"@type\":\"EntryPoint\",\"urlTemplate\":\"https:\/\/www.stenografenbund.de\/?s={search_term_string}\"},\"query-input\":{\"@type\":\"PropertyValueSpecification\",\"valueRequired\":true,\"valueName\":\"search_term_string\"}}],\"inLanguage\":\"de\"},{\"@type\":\"Organization\",\"@id\":\"https:\/\/www.stenografenbund.de\/#organization\",\"name\":\"Deutscher Stenografenbund E. V.\",\"url\":\"https:\/\/www.stenografenbund.de\/\",\"logo\":{\"@type\":\"ImageObject\",\"inLanguage\":\"de\",\"@id\":\"https:\/\/www.stenografenbund.de\/#\/schema\/logo\/image\/\",\"url\":\"https:\/\/www.stenografenbund.de\/wp-content\/uploads\/2019\/02\/cropped-DStB_Logo_NEU_2.png\",\"contentUrl\":\"https:\/\/www.stenografenbund.de\/wp-content\/uploads\/2019\/02\/cropped-DStB_Logo_NEU_2.png\",\"width\":499,\"height\":91,\"caption\":\"Deutscher Stenografenbund E. V.\"},\"image\":{\"@id\":\"https:\/\/www.stenografenbund.de\/#\/schema\/logo\/image\/\"}}]}<\/script>\n<!-- \/ Yoast SEO plugin. -->","yoast_head_json":{"title":"DSM 2018 - L\u00fcbbenau - Deutscher Stenografenbund E. V.","robots":{"index":"index","follow":"follow","max-snippet":"max-snippet:-1","max-image-preview":"max-image-preview:large","max-video-preview":"max-video-preview:-1"},"canonical":"https:\/\/www.stenografenbund.de\/?page_id=1643","og_locale":"de_DE","og_type":"article","og_title":"DSM 2018 - L\u00fcbbenau - Deutscher Stenografenbund E. V.","og_description":"In K\u00fcrze finden Sie hier einen ausf\u00fchrlichen Bericht zur Deutschen Seniorenmeisterschaft, sowie Fotos und die Ergebnisliste. Ergebnislisten: Ergebnisliste DSM 2018 (PDF)","og_url":"https:\/\/www.stenografenbund.de\/?page_id=1643","og_site_name":"Deutscher Stenografenbund E. V.","article_modified_time":"2018-07-05T13:08:10+00:00","og_image":[{"url":"http:\/\/www.stenografenbund.de\/wp-content\/uploads\/2018\/03\/Bleistift-300x200.jpg","type":"","width":"","height":""}],"twitter_card":"summary_large_image","schema":{"@context":"https:\/\/schema.org","@graph":[{"@type":"WebPage","@id":"https:\/\/www.stenografenbund.de\/?page_id=1643","url":"https:\/\/www.stenografenbund.de\/?page_id=1643","name":"DSM 2018 - L\u00fcbbenau - Deutscher Stenografenbund E. V.","isPartOf":{"@id":"https:\/\/www.stenografenbund.de\/#website"},"primaryImageOfPage":{"@id":"https:\/\/www.stenografenbund.de\/?page_id=1643#primaryimage"},"image":{"@id":"https:\/\/www.stenografenbund.de\/?page_id=1643#primaryimage"},"thumbnailUrl":"http:\/\/www.stenografenbund.de\/wp-content\/uploads\/2018\/03\/Bleistift-300x200.jpg","datePublished":"2018-03-13T09:26:54+00:00","dateModified":"2018-07-05T13:08:10+00:00","breadcrumb":{"@id":"https:\/\/www.stenografenbund.de\/?page_id=1643#breadcrumb"},"inLanguage":"de","potentialAction":[{"@type":"ReadAction","target":["https:\/\/www.stenografenbund.de\/?page_id=1643"]}]},{"@type":"ImageObject","inLanguage":"de","@id":"https:\/\/www.stenografenbund.de\/?page_id=1643#primaryimage","url":"https:\/\/www.stenografenbund.de\/wp-content\/uploads\/2018\/03\/Bleistift.jpg","contentUrl":"https:\/\/www.stenografenbund.de\/wp-content\/uploads\/2018\/03\/Bleistift.jpg","width":1280,"height":853},{"@type":"BreadcrumbList","@id":"https:\/\/www.stenografenbund.de\/?page_id=1643#breadcrumb","itemListElement":[{"@type":"ListItem","position":1,"name":"Startseite","item":"https:\/\/www.stenografenbund.de\/"},{"@type":"ListItem","position":2,"name":"DSM 2018 &#8211; L\u00fcbbenau"}]},{"@type":"WebSite","@id":"https:\/\/www.stenografenbund.de\/#website","url":"https:\/\/www.stenografenbund.de\/","name":"Deutscher Stenografenbund E. V.","description":"Bundesverband f\u00fcr Informationsverarbeitung, Textverarbeitung und Stenografie","publisher":{"@id":"https:\/\/www.stenografenbund.de\/#organization"},"potentialAction":[{"@type":"SearchAction","target":{"@type":"EntryPoint","urlTemplate":"https:\/\/www.stenografenbund.de\/?s={search_term_string}"},"query-input":{"@type":"PropertyValueSpecification","valueRequired":true,"valueName":"search_term_string"}}],"inLanguage":"de"},{"@type":"Organization","@id":"https:\/\/www.stenografenbund.de\/#organization","name":"Deutscher Stenografenbund E. V.","url":"https:\/\/www.stenografenbund.de\/","logo":{"@type":"ImageObject","inLanguage":"de","@id":"https:\/\/www.stenografenbund.de\/#\/schema\/logo\/image\/","url":"https:\/\/www.stenografenbund.de\/wp-content\/uploads\/2019\/02\/cropped-DStB_Logo_NEU_2.png","contentUrl":"https:\/\/www.stenografenbund.de\/wp-content\/uploads\/2019\/02\/cropped-DStB_Logo_NEU_2.png","width":499,"height":91,"caption":"Deutscher Stenografenbund E. V."},"image":{"@id":"https:\/\/www.stenografenbund.de\/#\/schema\/logo\/image\/"}}]}},"_links":{"self":[{"href":"https:\/\/www.stenografenbund.de\/index.php?rest_route=\/wp\/v2\/pages\/1643","targetHints":{"allow":["GET"]}}],"collection":[{"href":"https:\/\/www.stenografenbund.de\/index.php?rest_route=\/wp\/v2\/pages"}],"about":[{"href":"https:\/\/www.stenografenbund.de\/index.php?rest_route=\/wp\/v2\/types\/page"}],"author":[{"embeddable":true,"href":"https:\/\/www.stenografenbund.de\/index.php?rest_route=\/wp\/v2\/users\/1"}],"replies":[{"embeddable":true,"href":"https:\/\/www.stenografenbund.de\/index.php?rest_route=%2Fwp%2Fv2%2Fcomments&post=1643"}],"version-history":[{"count":8,"href":"https:\/\/www.stenografenbund.de\/index.php?rest_route=\/wp\/v2\/pages\/1643\/revisions"}],"predecessor-version":[{"id":1843,"href":"https:\/\/www.stenografenbund.de\/index.php?rest_route=\/wp\/v2\/pages\/1643\/revisions\/1843"}],"wp:attachment":[{"href":"https:\/\/www.stenografenbund.de\/index.php?rest_route=%2Fwp%2Fv2%2Fmedia&parent=1643"}],"curies":[{"name":"wp","href":"https:\/\/api.w.org\/{rel}","templated":true}]}}